 -1 - (-21 + 12 + (6 - -5)).
20
What is the value of 6 - (3 + (26 - 7))?
-16
Evaluate -8 + 4 + 15 + -10 + 12 + 0.
13
(4 - (17 + -7) - -1) + (1 - -8)
4
-8 + -1 - (-12 + -3 + -21 + 6)
21
Calculate -2 + 0 - 10 - (-6 - -4).
-10
Evaluate -6 + (1 + -1 - (135 + -150)).
9
Evaluate -20 - -23 - -13 - 35.
-19
Calculate -1 + 17 + -5 - (-2 + 2).
11
What is the value of (-28 - (-27 - -12)) + 19?
6
What is (-11 - (22 - 42) - 16) + (31 - 0)?
24
Calculate -10 - (0 - (-9 - -16)) - 12.
-15
(0 - 9) + (40 - 31)
0
Calculate -16 + 12 - (5 - 1).
-8
What is 5 + -16 - (30 + -16 - 9)?
-16
Calculate 98 + -76 + 4 + -25.
1
What is 0 + -3 + 1 + (-8 - -4)?
-6
What is the value of -1 + -3 + -11 - (-5 - (15 - 14))?
-9
(-346 - -343) + 0 + -12
-15
What is the value of (7 - (17 - 13 - -9)) + 0 + 0?
-6
Evaluate 10 + (20 - 25) - (-1 + -19).
25
Calculate -2 - (-4 + 1 - 2) - (-2 - 2).
7
-4 - -14 - (-24 + -3 + 0 + 7)
30
Evaluate (0 - -8) + -3 - 8 - 8.
-11
-7 + 1 + -12 + 5 + -4
-17
Calculate -15 - (4 + (13 + -16 - -3)).
-19
Evaluate -3 - 14 - (-5 + 9 + 6 + -8).
-19
What is the value of -2 + -6 + (-47 - -25)?
-30
Evaluate -33 - 54 - -82 - (0 + -2 + 14).
-17
Calculate 2 - (13 + -12 + -3 + 0 + 1).
3
What is 6 + (-1 - -2) + (-4 - 2) + 11?
12
What is (-1 + 7 - 7) + -13?
-14
Evaluate 1 + 8 - (56 - 23 - 15).
-9
What is the value of -8 + 0 + (-2 - 1 - -17)?
6
Calculate ((5 - 9) + 8 - (0 + 2)) + 3.
5
4 + -3 + 5 + (-9 - -18) + 2
17
-7 + (-6 - -1) + -9 + 12
-9
What is the value of -13 - (0 + -4 + -5) - -7?
3
-2 + -5 + (12 - 12 - -16)
9
-21 + 2 + 25 + 12
18
Evaluate -9 - -23 - (6 - 7) - 13.
2
Evaluate 21 + (13 - (12 - (0 + 9 - 0))).
31
Calculate -6 + 6 - -1 - (-1 - 5).
7
What is (70 - 66) + 11 + -11?
4
What is 7 + 4 + -16 - (-6 + 2 + 0)?
-1
-1 - -3 - (2 + -6 - (-9 - -1))
-2
What is 4 - (-38 + 27 + 1)?
14
Calculate 3 - (20 - (39 - 12) - (-46 - -1)).
-35
Calculate (1 - -8) + (16 - (39 - 24)).
10
What is 0 + 29 + (49 - 23) + -37?
18
Calculate 7 - ((-13 - 1) + -8 + 10 + 7).
12
What is 6 + (-10 - (-15 - -6)) - 3?
2
What is the value of 65 - 78 - (-2 + -5)?
-6
Calculate (18 - 0) + (-4 + 6 - 6).
14
Calculate 0 + -1 + -3 + (1 - -2).
-1
What is the value of (9 - 9) + -8 + 6 - -9?
7
What is 133 + -144 + 5 + 0 + 2 + -3?
-7
What is the value of 1 - (19 - 31) - 12?
1
Evaluate (-35 - -22) + 14 + -10.
-9
25 + -7 + -4 + -1
13
Calculate -19 + 12 + 8 + 16.
17
What is -14 + (246 - 280 - (1 + -15))?
-34
-3 - (-3 - (-5 + -7)) - -2
-10
(24 + -24 - -1) + 17
18
Calculate 7 + -42 - -29 - -31.
25
Calculate 2 + 11 + (28 + -34 - -3).
10
Calculate (0 - (-2 + -3)) + -9 + 0.
-4
(16 + -3 - 3) + -2
8
-1 - ((-1 - 2 - (7 + -18)) + -22)
13
What is the value of -12 - (-23 + 6 + 4)?
1
Calculate -1 + -8 - (11 - (15 + -6 - -3)).
-8
Evaluate 13 + -8 + -12 + 14 - 5.
2
What is the value of 1 - -7 - (-2 - 20 - -2) - 8?
20
What is 28 + -60 - (8 - 5 - 13)?
-22
70 + -71 + 27 + 1
27
Evaluate -30 - (58 - 33 - 58).
3
Evaluate (0 + 6 - (-30 - -14 - -19)) + 5.
8
17 - (-3 - (-19 + 9))
10
Evaluate 0 - (7 + 5 + -4 + -21).
13
What is the value of (-3 - (-21 + 18 - -43)) + 18?
-25
Evaluate 5 - (-7 + -5 - (-1 + -1 + -3)).
12
6 + 0 - (-4 - -5) - (-20 + 25)
0
5 + -8 + (-2 + 8 - -19) + -2
20
Evaluate -21 - (-16 + -2) - -19.
16
Calculate 5 + -28 + 22 - (-6 - 6).
11
Calculate (-1 - 2) + (-325 - -324) - (0 + 16).
-20
What is 0 + -9 - (-32 - -21)?
2
Calculate 2 - 9 - (9 - ((-2 - 6) + 26)).
2
Evaluate 384 + -395 + 1 + -4.
-14
Evaluate 8 - ((-36 - -46) + -2 + 4).
-4
(0 + (0 - 18) - -19) + 3
4
What is 0 + 2 + 4 + (-61 - -55) - -10?
10
What is 898 + -891 - (0 + -9)?
16
17 - (7 - -9 - 5)
6
-1962 - -1921 - (-1 + -63)
23
15 + 1 + 930 + -930
16
What is -30 + 27 + 29 + -8?
18
What is the value of 3 + 12 - 11 - -7?
11
Evaluate 15 - (0 + 1) - (-526 + 517).
23
What is the value of 0 + 10 - (-1 + 0 - (20 + -17))?
14
Evaluate (-24 - -18) + -8 - (-5 + -2).
-7
Calculate -4 - ((7 - (33 - 6)) + 12).
4
Evaluate 14 + 4 + (-8 - ((-4 - -2) + -3)).
15
Calculate (1 - -29) + -37 - (5 + -1) - -41.
30
Evaluate -13 + (-3 + 4 - -9) - (-1 - 15).
13
Calculate (-7 + -12 + 23 - (-5 - 0)) + 9.
18
What is 27 - (47 - (-6 - 0))?
-26
-35 + 30 - (-23 - -3)
15
Evaluate -11 - (61 + -21 + -16).
-35
Evaluate (4 - 0) + -4 + 5 + -7.
-2
-5 - -19 - (4 - (0 - -2) - 2)
14
What is the value of -4 + (-4 - -1 - (35 - 40)) + 3?
1
Evaluate (-22 - -12) + 7 - (22 + -18).
-7
-8 + (3 - (2 - -3))
-10
Evaluate -5 + -1 - (4 + -4) - -18.
12
Calculate (3 - (3 - -14)) + -4 + -1.
-19
Calculate 3 - (4 - (10 + -26 + 9)).
-8
Calculate (2 + 1 - (-53 - -49)) + 7.
14
2 + -2 + 5 + (-22 - -28)
11
What is 12 + (-18 - -9 - 2 - -4)?
5
What is (-2 - (-10 + -1)) + (2590 - 2618)?
-19
Calculate ((1 - -3) + -4 - -1) + -10.
-9
Calculate 8 + -7 + (-9 - (3 + (9 - 11))).
-9
Calculate (-9 - -31) + (-6 - -2).
18
What is the value of -9 - ((6 - (2 - -4)) + -8)?
-1
Evaluate 0 + 7 - (23 - (-35 + 53)).
2
Calculate 11 + 8 - 14 - (0 - 10).
15
Calculate 12 + (-19 - (-36 - -28)).
1
Evaluate -14 - (0 - (1 + 2)).
-11
Calculate 17 - (7 - (15 - (19 + -10))).
16
32 - (14 - 9 - -10) - -5
22
-17 - 2 - (9 + -49)
21
What is -18 - (-34 - (-31 + 24))?
9
Calculate -3 - (5 + (-8 - -3) - (-12 - -22)).
7
What is 16 + -1 + 12 + -26?
1
30 + (-7 - 19) + 1 + -5
0
Evaluate -5 - 6 - -3 - (29 + (0 - 9)).
-28
Calculate -26 - (-7 - 5 - 5 - -7).
-16
What is -9 - (3 - 7) - ((-7 - -4) + -2)?
0
What is (8 - 4) + -8 - -4?
0
(118 - 136) + (11 - 0)
-7
What is -12 - (-15 - (-6 + 5 + 7))?
9
What is the value of -6 + -2 + (-13 - (1 - (7 - -4)))?
-11
Evaluate (22 - 19) + -3 + 1 + -4 - -19.
16
Evaluate 42 - (0 - -2) - (-1411 + 1418).
33
What is the value of (-10 + 11 - 7) + 9 + -11?
-8
Calculate (-1 - (25 + -6)) + 120 + -133.
-33
What is the value of (-18 - -44) + -13 + 21 + -10?
24
What is 0 + -34 - (89 + -36 + -59)?
-28
What is the value of -25 - (2 + -8) - -10 - 0?
-9
What is the value of -1 - 42 - (-175 - -101)?
31
Evaluate (13 - (6 - 2)) + (-104 - -92) + -6.
-9
Evaluate 11 - (2 - (-13 - -9)).
5
(-22 - (-18 + -10)) + -25
-19
-14 + (20 - 10) + (1 - -7) + 7
11
Calculate 20 - (-2 - -20) - -19.
21
-3 + (0 - (-15 + 2))
10
Evaluate (1 - -5) + (-70 - -62 - (-9 - 1)).
8
What is the value of (-16 - -40) + 3 + -62?
-35
Calculate (1 - -18) + -1 + 12 + 418 + -433.
15
Evaluate 2 + 2 + -22 + 34.
16
What is -1 + 7 - (-3 + (-4 - 7 - -14))?
6
What is the value of -3 + (14 - 17) + -12?
-18
(-14 - -14) + 11 - (-2 + 1 + -1)
13
What is (-7 - (7 - 2)) + -8 + -4 + 7?
-17
Evaluate 14 + -14 + -6 - -15 - (16 + -1).
-6
What is the value of -1 - (-2 - 1 - -13) - -8?
-3
Evaluate 3 + 0 + (-4 - (-6 - (-2 - 2))).
1
What is the value of -1 - -2 - (4 - (-13 - -8))?
-8
What is 24 + (0 - 8 - (-29 + 18))?
27
What is the value of -7 - (-27 + 7) - (15 - 3)?
1
What is -106 + 125 + (-4 - 10)?
5
-11 - (-13 - 2 - -20)
-16
Evaluate 58 + -18 - 29 - (2 + 38 + 1).
-30
Calculate (-2 - 2) + 7 + 7 + (3 - 12).
1
Evaluate (-15 - 0) + (-189 - -211).
7
What is (-3 - 8) + -17 + (1 - -8)?
-19
What is -5 + -40 - (0 + -7 + (-8 - -4))?
-34
7 + 8 + -8 + 0 + -15 + 1
-7
Evaluate 2 + (-7 - (13 - 5)) + (-1 - -6).
-8
What is 0 - -38 - (1112 + -1091)?
17
(13 - (-16 - (-4 + -18))) + -31
-24
Evaluate 224 + -204 + (-2 - (-3 - -3) - -4).
22
Evaluate 0 - ((4 - -4) + -1).
-7
Evaluate -3 + (14 + -7 - (10 - (7 - 3))).
-2
Calculate 31 + -2 - (24 - (-3 - -25)) - -5.
32
What is (-3 - -7 - (17 + -2)) + 8 - -16?
13
3 - 0 - (6 + -8 + -9 + 5)
9
What is -5 - (1 + -9 + -30 + 8 - -7)?
18
(-4 - -4) + -7 + (1 - (5 + -1))
-10
(-2 - (2 - (-3 - 0))) + -2
-9
What is the value of -12 + -27 + 2 + 22?
-15
Evaluate (-5 + -3 - -2) + 5 + 1.
0
What is 2 + 1 + -1 + -4 + 7?
5
Evaluate (-31 - (14 + -27)) + 1.
-17
What is the value of 6 + 2 + (-3 - 12)?
-7
What is -8 + (-138 + 138 - (1 - -2 - -2))?
-13
What is (-1 - (2 + -5)) + 10 + -7 + 4?
9
What is -3 + (0 - -16 - (-3 + 7))?
9
What is -2 - (-5 + 6 + -10 + 17)?
-10
What is the value of (2 - 2 - -2) + (-26 - -31)?
7
What is (-1 - (23 + -24)) + 2 + -14?
-12
What is the value of 44 - (41 + 27 + -31)?
7
Evaluate -6 - -15 - 3 - 10.
-4
Calculate (-14 - -1) + (20 - 19) + (-3 - -8).
-7
What is the value of 7 - (8 - 25 - ((15 - 6) + -10))?
23
(-12 - -10) + (-5 + -9 + 4 - -4)
-8
What is the value of 7 - (-4 + 13) - 5?
-7
10 - (-5 + 9) - ((1 - -3) + -7)
9
Calculate (3 - (30 - (5 + 10))) + 33.
21
Evaluate (-3 - -2) + 4 + (5 - 11 - 3).
-6
Ca